 of 128101409?
17, 103, 149, 491
List the prime factors of 1706860878.
2, 3, 281, 1012373
What are the prime factors of 201286737?
3, 97, 2377
List the prime factors of 131228644.
2, 17, 83, 23251
What are the prime factors of 4573457457?
3, 101, 15093919
What are the prime factors of 53707008?
2, 3, 69931
List the prime factors of 106171541.
7, 859, 17657
What are the prime factors of 942657736?
2, 117832217
What are the prime factors of 329555547?
3, 4068587
What are the prime factors of 2175082762?
2, 229, 863, 5503
List the prime factors of 192624809.
13, 14817293
List the prime factors of 21978254.
2, 10989127
What are the prime factors of 84210994?
2, 7, 1663, 3617
List the prime factors of 3649325553.
3, 17, 73, 326737
What are the prime factors of 1603892980?
2, 5, 19, 4220771
What are the prime factors of 5770973?
13, 17, 26113
List the prime factors of 3403471912.
2, 47, 9051787
List the prime factors of 93844375.
5, 150151
What are the prime factors of 104523553?
5813, 17981
What are the prime factors of 169978031?
9403, 18077
What are the prime factors of 1363024397?
7, 194717771
List the prime factors of 1474496909.
29, 83, 89, 6883
What are the prime factors of 78872893?
11, 7170263
What are the prime factors of 7853712079?
47, 167100257
What are the prime factors of 4759409189?
4759409189
List the prime factors of 2185773738.
2, 3, 73, 79, 181, 349
List the prime factors of 1263302223.
3, 53, 89, 89273
List the prime factors of 23195603.
1483, 15641
What are the prime factors of 493048461?
3, 19, 8649973
What are the prime factors of 107976442?
2, 7, 7712603
List the prime factors of 369861806.
2, 31, 149, 40037
What are the prime factors of 230608820?
2, 5, 13, 587, 1511
List the prime factors of 888313192.
2, 13, 8541473
List the prime factors of 704823664.
2, 43, 853, 1201
What are the prime factors of 251302618?
2, 7, 17950187
List the prime factors of 71066013.
3, 23688671
What are the prime factors of 68787546?
2, 3, 239, 47969
What are the prime factors of 54997031?
41, 181, 7411
What are the prime factors of 610038369?
3, 61, 1111181
List the prime factors of 97181771.
79, 307, 4007
What are the prime factors of 68073301?
68073301
What are the prime factors of 35930598?
2, 3, 11, 544403
What are the prime factors of 22504284?
2, 3, 11, 19, 997
List the prime factors of 1110136979.
7, 59, 2687983
What are the prime factors of 397840572?
2, 3, 563, 727
List the prime factors of 69897143.
19, 3678797
List the prime factors of 7700610584.
2, 29, 71, 467497
List the prime factors of 38502329.
43, 419, 2137
What are the prime factors of 173995230?
2, 3, 5, 23, 461, 547
What are the prime factors of 278326154?
2, 139163077
What are the prime factors of 154189641?
3, 859, 59833
List the prime factors of 2981390042.
2, 23, 1163, 2423
List the prime factors of 37996683.
3, 17, 745033
What are the prime factors of 5781207811?
5781207811
What are the prime factors of 119916978?
2, 3, 541, 36943
What are the prime factors of 513465618?
2, 3, 101, 547, 1549
List the prime factors of 279605794.
2, 13, 151, 229, 311
What are the prime factors of 168834745?
5, 1801, 18749
List the prime factors of 44487820.
2, 5, 13, 397, 431
What are the prime factors of 609458856?
2, 3, 181, 307, 457
What are the prime factors of 2202323?
193, 11411
What are the prime factors of 618488813?
41, 15085093
What are the prime factors of 2710959477?
3, 903653159
List the prime factors of 1741608530.
2, 5, 23, 7572211
What are the prime factors of 2219731103?
41, 54139783
What are the prime factors of 264840062?
2, 7993, 16567
List the prime factors of 38155939.
17, 631, 3557
List the prime factors of 2355238763.
191, 12331093
What are the prime factors of 329393903?
173, 1904011
What are the prime factors of 106195958?
2, 11, 181, 26669
What are the prime factors of 2817083359?
73, 683, 56501
What are the prime factors of 1898743334?
2, 23, 41277029
List the prime factors of 174382551.
3, 7, 19, 16187
List the prime factors of 74128109.
11, 17, 36037
What are the prime factors of 30765360?
2, 3, 5, 128189
List the prime factors of 3650322.
2, 3, 13, 53, 883
What are the prime factors of 1512756228?
2, 3, 31, 233, 563
List the prime factors of 496075614.
2, 3, 82679269
What are the prime factors of 2393575852?
2, 223, 2683381
What are the prime factors of 59916750?
2, 3, 5, 79889
What are the prime factors of 1962882677?
7, 280411811
What are the prime factors of 609843105?
3, 5, 587, 23087
What are the prime factors of 48764912?
2, 7, 435401
List the prime factors of 394118152.
2, 49264769
What are the prime factors of 105771682?
2, 61, 71, 12211
List the prime factors of 99609382.
2, 499, 99809
List the prime factors of 113522901.
3, 37840967
What are the prime factors of 14644964?
2, 239, 15319
What are the prime factors of 110571126?
2, 3, 109, 169069
List the prime factors of 15703987.
13, 43, 2161
What are the prime factors of 59750198?
2, 67, 127, 3511
What are the prime factors of 23972958?
2, 3, 17, 157, 499
List the prime factors of 280752607.
19, 53, 278801
List the prime factors of 48335025.
3, 5, 29, 71, 313
List the prime factors of 5527731931.
3719, 1486349
What are the prime factors of 71564153?
373, 191861
List the prime factors of 162594074.
2, 81297037
List the prime factors of 5946781761.
3, 2239, 295111
List the prime factors of 2079403492.
2, 31, 2381, 7043
What are the prime factors of 88023077?
83, 1060519
What are the prime factors of 1135381477?
307, 3698311
List the prime factors of 272567637.
3, 149, 439, 463
What are the prime factors of 19187499?
3, 6395833
List the prime factors of 401130212.
2, 7, 23, 487, 1279
List the prime factors of 32846504.
2, 1973, 2081
List the prime factors of 83499461.
17, 31, 158443
List the prime factors of 200706563.
71, 2826853
What are the prime factors of 755352104?
2, 13, 43, 67, 2521
List the prime factors of 848086303.
5569, 152287
What are the prime factors of 11624122?
2, 2273, 2557
List the prime factors of 871069566.
2, 3, 131, 199, 5569
What are the prime factors of 37194499?
53, 701783
List the prime factors of 3357320792.
2, 7, 59952157
List the prime factors of 159774947.
159774947
What are the prime factors of 4290875555?
5, 858175111
List the prime factors of 1093133032.
2, 37, 457, 8081
What are the prime factors of 44717406?
2, 3, 7452901
List the prime factors of 148350433.
7, 11, 337, 5717
List the prime factors of 744415683.
3, 11, 22558051
What are the prime factors of 1993734863?
4153, 480071
List the prime factors of 278219101.
53, 5249417
List the prime factors of 1056067406.
2, 6451, 81853
What are the prime factors of 3325664975?
5, 79, 883, 1907
What are the prime factors of 35567358?
2, 3, 5927893
List the prime factors of 169912752.
2, 3, 3539849
List the prime factors of 18241369.
23, 793103
List the prime factors of 267640234.
2, 1531, 87407
List the prime factors of 106599832.
2, 173, 77023
What are the prime factors of 1236064787?
103, 12000629
List the prime factors of 499918193.
317, 431, 3659
List the prime factors of 54714673.
13, 4208821
What are the prime factors of 389919528?
2, 3, 43, 41981
List the prime factors of 78089139.
3, 83, 104537
List the prime factors of 8279452.
2, 71, 29153
What are the prime factors of 9496562?
2, 23, 206447
What are the prime factors of 180027337?
7, 19, 283, 4783
What are the prime factors of 67996198?
2, 1087, 31277
What are the prime factors of 1228491750?
2, 3, 5, 1193, 1373
List the prime factors of 479361469.
19, 23, 223, 4919
What are the prime factors of 7543896731?
7, 151, 7137083
List the prime factors of 207635128.
2, 29, 463, 1933
What are the prime factors of 72249853?
13, 2087, 2663
List the prime factors of 598013095.
5, 31, 1097, 3517
List the prime factors of 49704855.
3, 5, 17, 19, 10259
List the prime factors of 215060563.
19, 61, 185557
What are the prime factors of 66963485?
5, 47, 67, 4253
List the prime factors of 61012210.
2, 5, 7, 67, 13009
List the prime factors of 207722629.
61, 3405289
What are the prime factors of 49943512?
2, 127, 49157
What are the prime factors of 97155313?
97155313
What are the prime factors of 74280176?
2, 1181, 3931
List the prime factors of 223612667.
443, 653, 773
Lis